t a(l) = 3*l - 2*l + 2*l + 5 + 0*l. Let s be (-3)/((-9)/(-2))*3. Let d(m) = m**3 + 2*m**2 + 2*m. Let k be d(s). Determine a(k).
-7
Let o(q) = -q**2 - q - 1. Suppose -23*l + 10 = -18*l. Suppose 6*v + 10 + l = 0. What is o(v)?
-3
Suppose 0 = 5*z - 10 - 0. Suppose 0 = -z*q + 16 - 4. Let r(s) = -2*s + 2 + 3*s - q - 6. Calculate r(5).
-5
Let p(a) = -3*a - 18. Let j(q) be the first derivative of -q**2/2 - 8*q - 29. Let o(m) = -5*j(m) + 2*p(m). What is o(9)?
-5
Let w be 1*(-3 + -22*1/(-2)). Let x be w*(-84)/(-24)*1/7. Let o(u) be the first derivative of -u**2 + 5*u + 2. What is o(x)?
-3
Let x be 6 - 9 - -14 - 7. Let c(z) be the second derivative of z**4/12 - z**3/2 - 5*z**2/2 - 3*z. What is c(x)?
-1
Let p(x) = -7*x**2 - 6*x - 31. Let r(m) = -3*m**2 - 3*m - 14. Let c(o) = -2*p(o) + 5*r(o). Determine c(-4).
-12
Let g(b) = 4*b**2 + 2*b - 41. Let a(h) = 7*h**2 + 4*h - 67. Let y(o) = -3*a(o) + 5*g(o). Suppose 14 = -4*k - 0*t + 2*t, -2 = -2*t. Give y(k).
-7
Let o(l) = l**2 + 7*l + 3. Let z = 68 + -52. Let c = z - 19. Determine o(c).
-9
Suppose 0 = -3*x - 5 + 14, 4*x - 348 = -4*p. Let a = p + -89. Let u(d) = d**2 + 6*d + 7. Give u(a).
2
Let f be (-5 - (-1 - 5))/(-1). Let q(n) = 9*n + 1. Calculate q(f).
-8
Let q(u) = -2*u + 3. Let z = -90 + 94. Suppose 5*w - 2*o - o - 28 = 0, 5*w = -z*o + 21. Determine q(w).
-7
Let r(j) be the first derivative of -5*j + 3 - 1/2*j**2. Let p = -9 - -4. Calculate r(p).
0
Let w(s) = -s - 3*s**2 + 2*s - 5*s**2 + s**3 + 6 + 3 + s**2. Calculate w(7).
16
Suppose 2*p = -n + 4 + 4, 2*p - 2*n = -4. Suppose -p*v + 6 = -v + a, 5*a - 18 = v. Let w(k) = -k**2 + 7 + 0*k**3 + 6*k + k**3 + 0*k**2 + 7*k**v. Give w(-5).
2
Let n(g) be the second derivative of -g**3 + 26*g**2 + 147*g - 1. Give n(8).
4
Let l be 16/104 - 232/(-13). Suppose l = -m + 4*m. Suppose 2*s = z - 5, 0 = -4*s - 3*z + m*z - 7. Let t(r) = -3*r - 4. What is t(s)?
8
Suppose -3*c + 5*v = 2*v, -4*c + v = 6. Let p(j) = 4*j**2 - 24*j + 10. Let t(y) = y**2 - 7*y + 3. Let k(m) = -2*p(m) + 7*t(m). Determine k(c).
-1
Let q(i) = i**2 + i + 27. Let o be q(0). Suppose 5*a + o = v, -4*v - 4*a = -v + 14. Let m(w) = 2*w**2 - 3*w + 2. What is m(v)?
4
Let f(c) = -2*c**3 - c**2 + 2*c - 1. Suppose -17*y = -13*y - 44. Suppose 0 = 2*x - 1 + y, -12 = -2*r + 2*x. Give f(r).
-2
Let i(t) = t - 8. Let n(b) = -b**3 - 7*b**2 - 9*b - 1. Let q be (3 - 4)/((-2)/(-10)). Let v be n(q). Calculate i(v).
-14
Let d(a) = -58*a - 51*a - 54*a - 2 + 1 + 153*a. What is d(-1)?
9
Let h(w) = 2*w + 6. Let z(q) = -q - 2. Let b(p) = -3*h(p) - 8*z(p). Let k be (-72)/27*(9/(-6))/1. Suppose i = -s - 7, 0 = -k*s + 3*i - 14 - 0. Calculate b(s).
-12
Let z(i) = -10 + 0*i + 2*i - i + 1. Let s be z(4). Let n be s*(-4)/30*-3. Let k(y) = y + 1. Determine k(n).
-1
Let m(a) = a**3 + a**2. Let k(r) be the second derivative of r**5/4 + r**4/6 - r**3/6 - r**2 + 22*r. Let o(p) = -k(p) + 4*m(p). Let j = -6 + 9. Give o(j).
-4
Let g(j) = 9*j**2 + 9*j - 8. Let h(p) = 10*p**2 + 10*p - 9. Let k(w) = -6*g(w) + 5*h(w). Give k(2).
-21
Suppose -5*q - 12 - 13 = 0. Let i(x) = -x**2 + x + 8. Let a be i(0). Let b(y) = 7*y + 1 + a*y**2 + 0*y**2 - 7*y**2. Calculate b(q).
-9
Let r(s) be the first derivative of s**2/2 - 17*s + 19. Let c be r(15). Let l(u) = u**3 + u**2 - 2*u - 2. Calculate l(c).
-2
Let z(o) = -o - 4. Suppose -54*w - 64 = -22*w. What is z(w)?
-2
Let r(x) = x**2 + 5*x + 4. Let n(c) = -c**2 + 11*c - 29. Let y be n(8). Calculate r(y).
4
Let g(z) = -20*z**2 - 4*z - 2. Let y(t) = 7*t**2 + 2*t + 1. Let k(i) = -6*g(i) - 17*y(i). Give k(10).
-5
Let n = 57 - 54. Let j(d) = 7*d**2 + 11*d + 9. Let f(w) = 4*w**2 + 6*w + 5. Let r(l) = n*j(l) - 5*f(l). Calculate r(-2).
0
Let p(y) = y - 7. Let l(m) = 5*m**2 + m + 1. Suppose 0 = 3*q - 15 - 0, -3*v + 4*q = -61. Let x be (-21)/v + (-2)/9. Let g be l(x). What is p(g)?
-2
Let r(l) = 3*l + 3. Let a be (13/39)/((-2)/(-84)). Let w be (-6)/12 - (-9)/2. Suppose 4*b + a = 2*g, -2 = -5*b - 0*b - w*g. Determine r(b).
-3
Let d = 8 - 5. Suppose 0 = q + q - 2*k - 10, -2*q + d*k + 13 = 0. Let v(n) be the third derivative of -n**4/24 - n**3/6 + 3*n**2. What is v(q)?
-3
Let r be (-4)/7 - (-13)/(273/432). Let c(m) = -23 + 2*m**2 - r*m**3 - 17 + m + 40. Calculate c(-1).
21
Suppose 0 = 7*r - 10*r + 21. Let x = 8 - r. Suppose -x = -p - 4. Let c(v) = -v**2 - 2*v + 1. Calculate c(p).
-2
Suppose v + 4*v = -5*l + 155, l + 3*v = 37. Let y = l - 28. Let x be (4 + 0)/(-4) + y. Let q(m) = -14*m + 1. Give q(x).
15
Let d(s) = -3*s**2 - 4*s + 3. Suppose 34 = -2*o + 38. What is d(o)?
-17
Suppose 8 = 4*z - 36. Let x(s) = -7*s - s**2 - z*s + 7*s**3 + 17*s. Calculate x(-1).
-7
Let h(b) = -31*b**2 + 9*b**2 + 8*b**2 - 3*b + 15*b**2. Calculate h(3).
0
Let h(t) = -t - 3 - 3 - 1 - 3*t + 8. What is h(3)?
-11
Let t(p) be the first derivative of -p**4/4 + 22*p**3/3 - 10*p**2 - 21*p + 324. Give t(21).
0
Let k = 0 - -7. Let v(t) = 13*t**2 - 45*t + 19. Let s(g) = -10*g - 2 + 3*g**2 + 7 + 5*g - 6*g. Let j(n) = 9*s(n) - 2*v(n). What is j(k)?
-7
Let v(i) = -9*i**3 - i**2 - i. Suppose 2*w = -4 + 2. Let q = -25 - -21. Let c be (q/w)/4 - 2. Determine v(c).
9
Let s(v) = 9*v + 42 + 36 - 10*v - 89. Determine s(-12).
1
Let z(i) be the second derivative of -i**4/12 - i**2/2 - 31*i. Let k(d) = d**3 + 7*d**2 - 3*d. Let t(m) = -k(m) - 2*z(m). Give t(-5).
-13
Suppose 0 = -2*i + 2*a - 10, -2*a - 19 = 3*i - 3*a. Let d(w) = -678*w + 1. Let g(t) = -185*t. Let j(h) = -3*d(h) + 11*g(h). Determine j(i).
4
Let v(b) be the first derivative of b**2/2 + 2*b + 2. Let i be 1/6 - (-159)/18. Let p = i + -12. What is v(p)?
-1
Let v = 342 + -336. Let j(z) = z + 11. What is j(v)?
17
Let z(n) be the second derivative of 1/360*n**6 + 1/3*n**4 + 0 + 0*n**5 + 0*n**3 + 0*n**2 - 7*n. Let h(q) be the third derivative of z(q). Determine h(-6).
-12
Suppose 0 = 2*t + 2*t - 28. Let w(g) = 2*g**2 - 9*g + 4. Let b(q) = q**2 - q. Let r(i) = b(i) - w(i). What is r(t)?
3
Let g be 7 + 0 - (-108 - -108). Let k(o) = 3*o - 17. Determine k(g).
4
Let u(x) = 5*x**2 + 4*x + 2. Suppose 6 = -5*p - t, -p - 40*t + 4 = -45*t. Calculate u(p).
3
Let l(y) = -4*y + 2*y**2 + 21*y**3 - 10 + 8*y - 11*y + 1. Let a(x) = -10*x**3 - x**2 + 3*x + 4. Let v(k) = 7*a(k) + 3*l(k). Determine v(1).
-7
Let u(q) be the first derivative of -4*q**2 + 0*q**5 + 1/6*q**3 + 1/12*q**4 + 1/20*q**6 + 1 + 0*q. Let z(y) be the second derivative of u(y). Calculate z(-1).
-7
Let a(k) = -27 - k**2 - 2*k**2 + 20 + 4*k + 4*k**2 + 0*k**2. Suppose 3*u + 20 = -u. Determine a(u).
-2
Suppose -5*j + 5*c = -105, 2*j - 2*c - 37 = -c. Let h be j/(-4) - 16/(-2). Let i(b) = -b**3 + 3*b**2 - 3*b + 6. Calculate i(h).
-22
Let v(z) = 18692 - 2*z - 5*z**2 - 5*z**3 - 18694 + 4*z**3. Determine v(-2).
-10
Let h(d) be the first derivative of d**4/4 - d**3/3 - 3*d**2/2 - d + 47. Determine h(-2).
-7
Let d(j) = -4*j. Let x be 2 - (-6)/(36/(-30)). Give d(x).
12
Let s(z) = 7 + 230*z + 225*z - 456*z. Give s(5).
2
Let r(f) = -176*f**2 + 91*f**2 - 5*f - 20 + 86*f**2. Give r(8).
4
Let p(s) = 59 - 163 + 55 + 3*s + 54. Give p(-2).
-1
Let j(r) = r**2 - 6*r - 3. Let c(v) = -2*v**3 + 11*v**2 - 12*v - 3. Let l be c(3). Give j(l).
-3
Let k(b) = -b**3 - 3*b**2 + 3*b + 2. Let y be 3*2/(7 - 9). Determine k(y).
-7
Let r(s) = -5*s - 6. Let f = -71 + 73. Let b = -2 - 4. Let g = f + b. Calculate r(g).
14
Let u be ((-45)/(-63))/(6/42). Let b(l) = -3*l + 2. Give b(u).
-13
Let j(c) = c - 4. Let m be j(0). Let a(i) = -14*i + 3*i - 4*i**2 - i**3 + 10*i - i**2. Determine a(m).
-12
Let d(m) = 5*m**3 - 11*m**2 + 6*m - 18. Let a(h) = -4*h**3 + 12*h**2 - 5*h + 18. Let w(n) = -4*a(n) - 3*d(n). Give w(15).
12
Suppose -a - 5*z + 1 - 27 = 0, 5*a = z. Let i(j) = 6*j**2 + 3*j. Let b(t) = 7*t**2 + 4*t. Let m(r) = 4*b(r) - 5*i(r). Determine m(a).
-3
Suppose -5*r - 4*b + 132 = 0, 0 = -0*b + 3*b + 6. Suppose -r*k = -19*k + 81. Let v(d) = -d**2 - 10*d - 4. Calculate v(k).
5
Suppose -2*s + 0 - 4 = 0. Let m(q) = 3*q + 1. Let n(k) = -6*k - 2. Let h(o) = 13*m(o) + 6*n(o). Give h(s).
-5
Let u = 669 - 2006/3. Let t(v) be the first derivative of u*v**3 - 7/2*v**2 + 6 - 2*v. Calculate t(8).
6
Let c(b) = 4*b**2 - b**3 - 2*b + 2*b + b - 2. Suppose u - 13 - 23 = 0. Let t be (-1 - -7) + (u/2)/(-6). Calculate c(t).
10
Let q(z) = 3 - 5 - 2 - 13*z + z**2 + 12*z. Suppose -c = -0*f + 5*f + 20, 0 = 4*c - 2*f - 8. Calculate q(c)